 divided by v?
2
Let y(s) = s**3 + 17*s**2 - 23*s + 24. Let v be y(-18). Suppose -279*m - v = -285*m. Calculate the remainder when m is divided by -2 + 3 - -1*6.
5
Let y = 6645 - 6576. Calculate the remainder when 1032 is divided by y.
66
Let n(v) = -4*v**2 - 42 + 26 + 7*v + 2*v**3 + 15 + 3*v. What is the remainder when n(4) is divided by 35?
33
Let b be 4 - (6 + -13 + -556). Suppose -63 = 3*h - b. Calculate the remainder when h is divided by 86.
82
Let z = -4 - -16. Let b = -558 - -574. Let h(o) = -o**3 + 16*o**2 + 13*o - 31. Calculate the remainder when h(b) is divided by z.
9
Let o(t) = 2*t**2 + 11*t - 10. Let x be o(1). Suppose 3*c + 2*k - 227 = -2*k, 3*k + 234 = x*c. Calculate the remainder when c is divided by 40.
37
Suppose -5*j + 25 = -5*g, -16567*j + 2*g = -16564*j - 16. Let l = 126 - 86. Suppose -k = k - l. What is the remainder when k is divided by j?
2
Suppose 0 = 10*i - 5*i - 5*f - 1595, -8 = -2*f. Calculate the remainder when i is divided by 18.
17
Let g = -121 + 221. Calculate the remainder when 249 is divided by g.
49
Suppose 3*n - 965 = -4*o, 2*n + 78 = 2*o + 698. Calculate the remainder when n is divided by ((-22)/4)/((-6831)/98118).
78
Suppose 12*j + 93*j - 15540 = 0. What is the remainder when 1930 is divided by j?
6
Suppose 14*a + p = 15*a - 48, -4*a - 2*p = -198. Calculate the remainder when 2005 is divided by a.
45
Let g(p) = -56*p + 1628. What is the remainder when 123 is divided by g(29)?
3
Suppose 0 = -5*u + 13*u - 680. Suppose 6*j - 367 = -u. Calculate the remainder when 93 is divided by j.
46
Let d = -166 - -117. Let h = -44 - d. Suppose -s + 27 = 2*l + 2*s, 3*l = 2*s + 34. What is the remainder when l is divided by h?
2
What is the remainder when 8630 is divided by 61936/588 - (21/9 + -1)?
102
Calculate the remainder when 5/(-180)*-12*7251 is divided by 55.
52
What is the remainder when 251 is divided by 103/721 - (-2)/((-28)/(-2882))?
45
Suppose 4*m = 6*m. Suppose m = 2*r + 2*r. Suppose r*b - b + 5 = 4*i, -5*b - 23 = -4*i. What is the remainder when 6 is divided by i?
0
Let m = 31 + -33. Let c be (-154)/(12/(-4) - m). Let x = c + -88. Calculate the remainder when x is divided by 17.
15
Suppose 0 = -4*h - 5*g + 2*g + 212, 5*g - 36 = -h. Let d = h + 25. Let w = d - 72. What is the remainder when 42 is divided by w?
6
Suppose -v + 945 = 2*j, -v + 0*j + j = -945. Calculate the remainder when v is divided by 75.
45
Let k(o) = 20*o - 695. What is the remainder when 370 is divided by k(43)?
40
Let m(a) = 3*a - 2. What is the remainder when (10 - 234/13)/((-2)/(-1)) - -12 is divided by m(3)?
1
What is the remainder when (28/8)/(56/3856) is divided by 41?
36
Let p(r) = -5*r**3 - 2*r**2 + r + 151. Let u(k) = 6*k**3 + 3*k**2 - k - 151. Let x(a) = 5*p(a) + 4*u(a). What is the remainder when x(0) is divided by 19?
18
Let v be (15/(-1))/(2 + -1). Calculate the remainder when 42 is divided by 3/6 - v/2.
2
What is the remainder when 872 is divided by 714/(-306)*12/(-7)?
0
Calculate the remainder when 19*(-6)/(-1140) - (-539)/10 is divided by 20.
14
Let m(s) = 369*s**2 + 32*s - 1. Let k be m(-1). Let t = k + -321. What is the remainder when 464 is divided by t?
14
Let t = 595 - 579. Let a(x) = -9*x - 40 + 9 + x**2 + 18*x + 10*x. What is the remainder when a(-23) is divided by t?
13
Let j be (3 + 1 + -1)/(123/(-164)). Suppose -55*r + 29*r = -234. Calculate the remainder when j/6 - (4 + 700/(-15)) is divided by r.
6
Suppose b + 8 = 0, 4*h + 27*b = 29*b + 8580. Calculate the remainder when h is divided by 39.
35
Suppose 104*i = 105*i - 2*u - 206, 1030 = 5*i - u. Calculate the remainder when 318 is divided by i.
112
Let k = 26 - -1. Suppose 0 = -2*z + 4*j + 282, 4*j + 675 = 63*z - 58*z. What is the remainder when z is divided by k?
23
Let v = 76 + -76. Let w be v + 1 + (-6)/3. Let s(a) = -32*a**3 + a**2 - 2*a - 2. What is the remainder when s(w) is divided by 12?
9
Let g be ((-2)/(-4) - (-11)/(-22)) + 15. Let j(r) = r**2 - 7*r - 55. Calculate the remainder when j(g) is divided by 34.
31
Let k(g) = -g**3 - 4*g**2 + 8*g + 17. Let h be k(-5). Let l(q) = 9*q**2 + 2 + 10*q - 7*q**h - 2. What is the remainder when l(-9) is divided by 25?
22
Let h = -434 + 261. Let w = h - -176. Calculate the remainder when 16 is divided by w.
1
Let w(h) = h**3 - 4*h**2 + 13*h + 2. Suppose a + 1 = -2*k, -5*a + 2*k + 3*k = -55. What is the remainder when w(a) is divided by 62?
54
Let i(p) = 16*p**2 - 2*p + 2. Let r = -30 + 31. What is the remainder when (-21)/(-14)*7*6 is divided by i(r)?
15
Calculate the remainder when (-2)/11 + 27005/121 is divided by 97.
29
Let i(d) = -20*d + 156. Let b(p) = 2*p**2 + 3*p - 2. Calculate the remainder when i(4) is divided by b(4).
34
Let g be 3 - 2/((-8)/(-12) - 0). Suppose 7*j + 164 + 46 = g. Let h = j - -82. Calculate the remainder when h is divided by 27.
25
Let l(k) = k + 77. Let z be l(-23). Let m = z - 39. Let h = 25 + m. Calculate the remainder when h is divided by 21.
19
Let w = 1386 + -1337. Let o be (-6)/2 - (-30)/2. Let y = 25 - o. What is the remainder when w is divided by y?
10
Let r = -758 - -776. Let u(i) = 38*i - 9. What is the remainder when u(3) is divided by r?
15
Suppose 2*t = t + 47. Suppose -26*d = -22*d + 12*d - 272. Calculate the remainder when t is divided by d.
13
Let l = 10134 - 9502. What is the remainder when l is divided by 161?
149
Suppose 3*z - 65 = -5*l, 4*l + 4*z - 55 = z. Suppose -l*r = -2*r - 56. Let m(t) = t**3 - 7*t**2 + 6*t + 10. What is the remainder when m(r) is divided by 11?
8
Let m(s) = 2*s + 45. Let x(k) = 23*k**3 - 10*k**2 + 6*k - 3. Calculate the remainder when x(2) is divided by m(0).
18
Let z(j) = 107*j**3 - j**2 + 29*j - 55. What is the remainder when z(2) is divided by 66?
63
Suppose -8*n + 144 = n. Suppose -85*a + n = -81*a. Suppose -5*t + 2*t + 43 = l, 0 = t + 3*l - 25. What is the remainder when t is divided by a?
1
Let f(j) = -j**3 - 2*j**2 + 8*j + 3. Let h be f(-4). Let c(p) = 12 + 4*p + 3 - h*p. What is the remainder when 7 is divided by c(-11)?
3
Let s = 81 + -45. Suppose -w + 93 = -5*c, -2*c + 62 + 251 = 3*w. Calculate the remainder when w is divided by s.
31
Calculate the remainder when (-75)/21 - -3 - 15796/(-154) is divided by 47.
8
Suppose 4*d = 8*d + 4*p - 796, 5*d = -4*p + 998. Let l = -185 + d. What is the remainder when 370/15 + 2/6 is divided by l?
8
Suppose -3296 = -14*k - 6*k + 524. Calculate the remainder when k is divided by 135.
56
Suppose 4*c - 144 = 5*i, 141*c - 3*i = 145*c - 208. What is the remainder when 1/(-4) - (-1026)/8 is divided by c?
36
Suppose 0 = 5*w + 3*m + 752 + 2295, -8 = 2*m. Let p = w - -804. Calculate the remainder when p is divided by 10.
7
Suppose -157*v = 3*s - 153*v - 79, 77 = 3*s + 5*v. Calculate the remainder when 11482 is divided by s.
27
Suppose -115 = -5*n + m + 130, 0 = 3*n + 4*m - 124. Let o = -135955 + 136039. What is the remainder when o is divided by n?
36
Let l(z) = -8302*z - 12*z**2 - 8 + 8317*z + z**3 - 7. Let k be (-2)/4*11*-2. What is the remainder when 85 is divided by l(k)?
27
Let f(v) = -v**3 - 17*v**2 - 13*v - 199. Calculate the remainder when (-5)/(-10)*1 + 149/2 is divided by f(-17).
9
Calculate the remainder when 2800/18 + 1 + (-2444)/(-5499) is divided by 9.
4
Let w(z) = -z**2 + 51*z + 4129. What is the remainder when 1212 is divided by w(-43)?
81
Let n = 597 - 573. Let i(q) = q**3 - 20*q**2 - 95*q + 3. What is the remainder when 82 is divided by i(n)?
1
Let g = -27090 - -29715. What is the remainder when g is divided by 37?
35
Let i(z) = -12*z**2 - 111*z + 11. Calculate the remainder when 1804 is divided by i(-9).
18
Let b = -220 - -226. Let a(d) be the second derivative of -d**4/12 + 3*d**3/2 + 2*d**2 - 2*d. What is the remainder when b is divided by a(9)?
2
Let f be ((-15)/9)/((-2)/(27 + 3)). Let l = -14 + f. Suppose -l*a + 20*a - 477 = 0. What is the remainder when 101 is divided by a?
48
Suppose 0 = 4*n - 522 + 458. What is the remainder when n is divided by (-36)/14*(-42)/9?
4
Let z(y) = 2*y**3 - 14*y**2 + 4*y - 7. Let t be z(6). Let b = t + 97. Calculate the remainder when 207 is divided by b.
39
Let r = 3622 - 3582. Calculate the remainder when 77 is divided by r.
37
Let p be -3 + ((-9)/1)/(-3). Suppose -k + 5*r + 10 = p, r - 6 = -5*k + 18. What is the remainder when (1/(-3))/(1/(-21)) is divide